{"id":4381,"date":"2026-04-20T09:11:45","date_gmt":"2026-04-20T09:11:45","guid":{"rendered":"https:\/\/www.arge-nord.de\/?page_id=4381"},"modified":"2026-04-20T09:21:43","modified_gmt":"2026-04-20T09:21:43","slug":"koordinierte-versuche-zuckerrueben-ifz","status":"publish","type":"page","link":"https:\/\/www.arge-nord.de\/?page_id=4381","title":{"rendered":"Koordinierte Versuche (IfZ)"},"content":{"rendered":"<p>Hier finden Sie die Zusammenfassungen der Koordinierten Versuche Zuckerr\u00fcben des Institutes f\u00fcr Zuckerr\u00fcbenforschung in G\u00f6ttingen (IfZ).<\/p>\n<p><a href=\"https:\/\/arge-nord.com\/wp-content\/uploads\/2026\/04\/Rotes-Heft-2025.pdf\">Rotes Heft 2025<\/a><\/p>\n<p><a href=\"https:\/\/arge-nord.com\/wp-content\/uploads\/2026\/04\/Rotes-Heft-2024.pdf\">Rotes Heft 2024<\/a><\/p>\n<p><a href=\"https:\/\/arge-nord.com\/wp-content\/uploads\/2026\/04\/Rotes-Heft-2023.pdf\">Rotes Heft 2023<\/a><\/p>\n<p><a href=\"https:\/\/arge-nord.com\/wp-content\/uploads\/2026\/04\/Rotes-Heft-2022.pdf\">Rotes Heft 2022<\/a><\/p>\n<p><a href=\"https:\/\/arge-nord.com\/wp-content\/uploads\/2026\/04\/Rotes-Heft-2021.pdf\">Rotes Heft 2021<\/a><\/p>\n<p><a href=\"https:\/\/arge-nord.com\/wp-content\/uploads\/2026\/04\/Rotes-Heft-2020.pdf\">Rotes Heft 2020<\/a><\/p>\n","protected":false},"excerpt":{"rendered":"<p>Hier finden Sie die Zusammenfassungen der Koordinierten Versuche Zuckerr\u00fcben des Institutes f\u00fcr Zuckerr\u00fcbenforschung in G\u00f6ttingen (IfZ). Rotes Heft 2025 Rotes Heft 2024 Rotes Heft 2023 Rotes Heft 2022 Rotes Heft 2021 Rotes Heft 2020<\/p>\n","protected":false},"author":2,"featured_media":0,"parent":0,"menu_order":0,"comment_status":"closed","ping_status":"closed","template":"","meta":{"footnotes":""},"_links":{"self":[{"href":"https:\/\/www.arge-nord.de\/index.php?rest_route=\/wp\/v2\/pages\/4381"}],"collection":[{"href":"https:\/\/www.arge-nord.de\/index.php?rest_route=\/wp\/v2\/pages"}],"about":[{"href":"https:\/\/www.arge-nord.de\/index.php?rest_route=\/wp\/v2\/types\/page"}],"author":[{"embeddable":true,"href":"https:\/\/www.arge-nord.de\/index.php?rest_route=\/wp\/v2\/users\/2"}],"replies":[{"embeddable":true,"href":"https:\/\/www.arge-nord.de\/index.php?rest_route=%2Fwp%2Fv2%2Fcomments&post=4381"}],"version-history":[{"count":6,"href":"https:\/\/www.arge-nord.de\/index.php?rest_route=\/wp\/v2\/pages\/4381\/revisions"}],"predecessor-version":[{"id":4395,"href":"https:\/\/www.arge-nord.de\/index.php?rest_route=\/wp\/v2\/pages\/4381\/revisions\/4395"}],"wp:attachment":[{"href":"https:\/\/www.arge-nord.de\/index.php?rest_route=%2Fwp%2Fv2%2Fmedia&parent=4381"}],"curies":[{"name":"wp","href":"https:\/\/api.w.org\/{rel}","templated":true}]}}